f - 155. Let r be v(9). Suppose 0 = -73*m + r*m + 2016. What is the hundreds digit of m?
6
Suppose -2*f = 2*y - 6*y + 2670, -3*f - 2665 = -4*y. Suppose -13*z + y + 1345 = 0. What is the hundreds digit of z?
1
Let i(r) = r**2 + 2*r + 3. Let c be i(-4). Suppose 2*q - 2*y - 2 = 0, 3*q = -2*q - y + 5. What is the hundreds digit of q*c*(19 + -5)?
1
Suppose -943*u - 193732 = -965*u. What is the units digit of u?
6
Let q be (264/(-55))/(-4)*20/(-6). What is the units digit of (-4)/q*(9 + -4 + 243)?
8
Suppose 5*n - 85 = -65. Suppose -5*j = -2*a + 1117, j + 557 = -3*a + n*a. What is the hundreds digit of a?
5
Let q(d) = 1082*d + 5401. What is the tens digit of q(33)?
0
Suppose -8 = -71*z + 75*z, -1594 = -4*p - 3*z. What is the tens digit of p?
0
Suppose 32*x = 24*x + 23032. Suppose 7*f - x = 3379. What is the tens digit of f?
9
Let x(u) = 7*u**2 - 2*u - 30. Suppose 93*n + 35 = 98*n. Let z(p) = -15*p**2 + 4*p + 61. Let v(i) = n*x(i) + 3*z(i). What is the tens digit of v(-6)?
2
What is the hundreds digit of (2*(-2 + 755/30))/(10/90)?
4
Let g be 2/(1 - 4/5). Suppose 27*z + g*z - 46805 = 0. What is the units digit of z?
5
Let j = -101 + 106. Suppose -2*c - j*k = -3*k - 1108, -1667 = -3*c - 4*k. What is the hundreds digit of c?
5
What is the hundreds digit of 18304/9 - (-40)/180?
0
Let i = 21576 - -27322. What is the thousands digit of i?
8
Let k(p) be the third derivative of 7*p**4/6 + 7*p**3/6 + 19*p**2. Let r be k(-6). Let c = -82 - r. What is the units digit of c?
9
Let p(w) be the first derivative of -w**4/4 + 4*w**3/3 + w**2 - w + 12. What is the units digit of p(4)?
7
Let t(i) = i**2 - 32*i + 413. What is the tens digit of t(-47)?
2
Let w(m) = 70*m - 27. Let g = 108 - 97. What is the tens digit of w(g)?
4
What is the units digit of (3 + (-9520 - 12))*-1?
9
Suppose 5*m = -10 + 10. Suppose r + 3*s - 96 = m, r - 7*s - 101 = -5*s. What is the units digit of r?
9
Let n(w) = -w. Let z be n(-2). Suppose -4*y + z*f = -1330 - 2704, 5*y - 5050 = -5*f. What is the hundreds digit of y?
0
Suppose -9*l = -14 + 37 + 13. Let t be 9/(-1 - 5/(-2)). What is the units digit of (156 + -4)/(0 - l/t)?
8
What is the units digit of 173334/35*(2250/(-20))/(-15)?
3
Suppose -5*h = 5*k - 292885, -2*h - 2*k + 117106 = -8*k. What is the ten thousands digit of h?
5
Suppose -4*w = -4*i - 9920, -2*w + 65*i - 67*i + 4952 = 0. What is the hundreds digit of w?
4
Let g(n) = 822*n**2 - 11*n + 41. What is the units digit of g(5)?
6
Let y(s) = -s**2 + 2*s + 17. Let w be y(6). What is the units digit of (-4*2/(-20))/(w/(-5810))?
2
Suppose 2*b = 11*b - 27. What is the tens digit of 30/45 + (b - (-643)/3)?
1
Let h = 371 + -371. Suppose h = z - 1, -4*r + z + 3148 = 5*z. What is the units digit of r?
6
Let m(k) = -2*k**3 - 5*k**2 - 3 + 12*k**2 + k**3 - 5*k. Let j(r) = 3*r - 71. Let v be j(25). What is the tens digit of m(v)?
2
Suppose 2*t - 5*u - 12113 = 0, 51*u - 52*u + 30296 = 5*t. What is the thousands digit of t?
6
Let n = -94 - -94. Suppose 4*f - 6 - 10 = n. What is the units digit of (6 - 9 - -3) + 53*f?
2
Suppose 2*b - 9104 = -14*b. Suppose -9*f = b - 2855. What is the hundreds digit of f?
2
What is the units digit of (-2046647)/(-459) + (-1)/((-54)/4)?
9
Let n(z) = 4*z**2 - 13*z - 35. Let k be (6/8)/((-4)/48). What is the hundreds digit of n(k)?
4
What is the hundreds digit of (-39)/9 + 4 - (-69212)/6?
5
Let w(l) = -l**3 + 0*l**3 + 3*l + 0*l + 6*l**2 - 10*l + 3. Let z be w(4). Suppose -33 - 51 = -z*c. What is the tens digit of c?
1
Let h(m) = -4*m**2 - 49*m + 1. Let o be h(-15). Let l = 78 + o. Let n = l - -289. What is the tens digit of n?
0
Let i(j) = 4*j**2 + 55*j - 3. Let l(u) = -u**3 - 9*u**2 - 15*u - 14. Let g be l(-3). What is the units digit of i(g)?
8
Let r be ((-180)/(-8))/(-3)*(-24)/18. What is the thousands digit of 76095/(-114)*(-16)/r?
1
Let f(w) = 460*w + 364. What is the thousands digit of f(93)?
3
Let l(t) = 3*t**2 + 13*t + 6*t**2 - 3 - 8*t**2 - 12. What is the tens digit of l(6)?
9
Let m(c) = -12*c + 4. Suppose 0 = 3*y - 5*o - 22, 0*y - 3*o = 5*y - 14. Suppose 4*d - 3*d = -2*t - 6, y*t = 4*d. What is the units digit of m(t)?
8
What is the tens digit of 1637/4*60*(-12)/(-36)?
8
Let x(h) = 7*h - 45. Let r be x(19). Suppose 89*o = r*o. Suppose 2*u - 4*u + 164 = o. What is the tens digit of u?
8
Let l = 15793 + -6463. What is the tens digit of l?
3
Let d = 368 + -356. What is the tens digit of (6/(-36) - 12358/d)/(-2)?
1
Suppose -8*h - 13*d + 50931 = -8*d, -2*h + 12730 = 4*d. What is the units digit of h?
7
Let y(v) = -v**2 + 5*v + 10. Let z be y(-5). Let u = 43 + z. What is the tens digit of (-2 + u)/(3/57)?
1
Let g = 196 - 193. Suppose -h - 524 = -2*i, 5*i - g*h - 1568 = -257. What is the hundreds digit of i?
2
Let v = -393 + 2852. Suppose 3*q + 1971 = 4*l, 12*q - 13*q + v = 5*l. What is the units digit of l?
2
Let p be 13/((-234)/(-1524))*-3. Let a = 160 - p. What is the tens digit of a?
1
Let x(h) = h**3 + 61*h**2 + 186*h - 47. What is the hundreds digit of x(-56)?
2
Suppose -c - 3*n = -0*n - 4, 5*c + 2*n = -19. Let l(o) = o - 2 + o**2 - 4*o**2 + 0*o**2 + 8*o**2 + 8*o. What is the units digit of l(c)?
8
Let c(g) = -g**2 + 14*g - 36. Let z be c(10). Let q = 4 + -6. What is the units digit of q/(-4) - z/(-8) - -52?
3
Let q(p) = -3*p + 49. Let o be q(11). Suppose -12*k - 1264 = -o*k. What is the units digit of k?
6
Suppose -389015 = 48*a - 103*a. What is the hundreds digit of a?
0
Let p = -446 + 832. Suppose -5*k + p = w, -2*w - 2*k + 653 = -103. What is the hundreds digit of w?
3
Let k = 33712 - 3648. What is the ten thousands digit of k?
3
Let b = 32 - 68. Let a = b + 36. Suppose -5*t + 826 - 281 = a. What is the units digit of t?
9
Let h(k) = 294*k**2 - 3*k - 28. Let w be h(-6). Suppose 0 = -25*o + w + 2351. What is the hundreds digit of o?
5
Let y(l) = -2*l**2 - 29*l - 12. Let w be y(-14). Suppose -3*f = 5*u - 2516, -w*u - f = f - 1004. What is the tens digit of u?
0
Let p(k) = k**3 - 17*k**2 + 16. Let m be p(17). Let j(u) = -106*u + m + 20 - 33. What is the hundreds digit of j(-1)?
1
Suppose d = -j + 4*j + 52, 2*j = -3*d + 178. Let h = 63 - d. What is the units digit of 403/h + -1*(-10)/25?
1
Suppose 2*o - 294*q + 292*q - 872 = 0, -1738 = -4*o + q. Suppose -5*f = 2*i - 27 + 7, 0 = 4*f + 4*i - 4. Suppose -f*v + o = -202. What is the units digit of v?
6
Let y(t) = -8*t**3 - t**2 + 14*t + 16. Let x be y(-5). Suppose 4*o - x = 1167. What is the hundreds digit of o?
5
What is the hundreds digit of (576/120)/(6291/6285 - 1)?
0
Let v be (-112)/18 - 4/(-18). Let q be ((-2)/v)/(10/120). What is the tens digit of 67 - (q - 3 - 3)?
6
Let o(u) = -2559*u - 8903. What is the tens digit of o(-8)?
6
Let f = 57 - 51. Let g be 3*(-24)/54*f. Let i(w) = -w**3 - 9*w**2 - 12*w + 16. What is the tens digit of i(g)?
4
Let j = 16 + -10. Let b = 377 - 308. Suppose 7*c - j*c - b = 0. What is the units digit of c?
9
What is the units digit of 12398 - (-2)/(9/((-450)/(-20)))?
3
Suppose -3*w + 4*b = -20, b - 3*b = w + 10. Suppose 273*f - 269*f - 996 = w. What is the tens digit of f?
4
Suppose -n - 30 = -4*d + 26, -48 = -4*d + 3*n. Suppose d = 5*k + 5. Suppose -k*a + 93 = 3*b, -4*b = -3*a + a + 86. What is the units digit of a?
5
Suppose 30*q + 13*q - 4970 - 176017 = 0. What is the units digit of q?
9
Let i(j) = -j**2 - 8 + 16*j - 4*j**2 + 0*j**2 - j**3. Let c(n) = n**2 - 7*n - 2. Let u be c(6). What is the tens digit of i(u)?
5
Suppose -3*k = -7*k + 8. Let a be ((-2)/k)/(10/20). What is the hundreds digit of (a + (-37)/(-2))/(21/196)?
1
Suppose -21*m - 157258 = -2*m - 436729. What is the hundreds digit of m?
7
Suppose 111112 + 1098356 = 39*f. What is the units digit of f?
2
Let j = 5325 - -10230. What is the tens digit of j?
5
Let h(t) = -2*t + 21 + 18 + 237. What is the tens digit of h(0)?
7
Let n = -10779 + 11004. What is the units digit of n?
5
Let i(h) = h**3 + 10*h**2 + 7*h - 5. Let o = -59 + 34. Let a = o + 20. What is the units digit of i(a)?
5
Suppose -97 = -5*v + 3*m, 4*v + 0*m = -2*m + 82. What is the tens digit of v*3*(-205)/(-30)?
1
Let p(y) = 66*y - 31. Let z be p(2). Suppose -l + 624 = -z. What is the hundreds digit of l?
7
Let z(u) = -1. Let k(n) = -88*n - 1. Let p(m) = -k(m) - 4*z(m). Let o be p(1). Suppose -3*t = -3*w - 243, -2*t + t - 3*w + o = 0. What is the units digit of 